
7
What is the tens digit of 31821?
2
What is the tens digit of 204?
0
What is the hundreds digit of 8662?
6
What is the tens digit of 8135?
3
What is the tens digit of 100996?
9
What is the units digit of 100588?
8
What is the tens digit of 12413?
1
What is the tens digit of 281?
8
What is the hundreds digit of 26935?
9
What is the hundreds digit of 27179?
1
What is the hundreds digit of 3991?
9
What is the ten thousands digit of 31537?
3
What is the hundreds digit of 3817?
8
What is the units digit of 3999?
9
What is the units digit of 1241?
1
What is the units digit of 3724?
4
What is the tens digit of 20?
2
What is the thousands digit of 5438?
5
What is the hundreds digit of 786?
7
What is the tens digit of 57159?
5
What is the units digit of 49118?
8
What is the tens digit of 1211?
1
What is the tens digit of 1363?
6
What is the tens digit of 158089?
8
What is the hundreds digit of 297?
2
What is the thousands digit of 2930?
2
What is the thousands digit of 71928?
1
What is the tens digit of 2560?
6
What is the thousands digit of 16554?
6
What is the hundreds digit of 502?
5
What is the hundreds digit of 194?
1
What is the tens digit of 31314?
1
What is the thousands digit of 7414?
7
What is the units digit of 2955?
5
What is the tens digit of 370?
7
What is the units digit of 123392?
2
What is the hundreds digit of 28595?
5
What is the units digit of 4071?
1
What is the units digit of 2410?
0
What is the tens digit of 655?
5
What is the tens digit of 6585?
8
What is the tens digit of 3319?
1
What is the hundreds digit of 712?
7
What is the units digit of 3437?
7
What is the units digit of 295?
5
What is the units digit of 51053?
3
What is the tens digit of 41820?
2
What is the thousands digit of 6697?
6
What is the units digit of 5?
5
What is the tens digit of 635?
3
What is the units digit of 171?
1
What is the hundreds digit of 65309?
3
What is the tens digit of 3241?
4
What is the units digit of 11546?
6
What is the units digit of 55661?
1
What is the thousands digit of 1182?
1
What is the hundreds digit of 5163?
1
What is the thousands digit of 6655?
6
What is the thousands digit of 2639?
2
What is the thousands digit of 93289?
3
What is the tens digit of 651?
5
What is the units digit of 154?
4
What is the hundreds digit of 18480?
4
What is the hundreds digit of 1842?
8
What is the tens digit of 12942?
4
What is the tens digit of 1825?
2
What is the hundreds digit of 9841?
8
What is the units digit of 25419?
9
What is the hundreds digit of 17662?
6
What is the hundreds digit of 150?
1
What is the tens digit of 126?
2
What is the hundreds digit of 35483?
4
What is the tens digit of 3022?
2
What is the tens digit of 57989?
8
What is the units digit of 31771?
1
What is the thousands digit of 3864?
3
What is the hundreds digit of 2864?
8
What is the units digit of 4960?
0
What is the units digit of 1778?
8
What is the units digit of 11591?
1
What is the units digit of 11237?
7
What is the units digit of 1044?
4
What is the units digit of 1363?
3
What is the thousands digit of 16042?
6
What is the hundreds digit of 522?
5
What is the hundreds digit of 1392?
3
What is the tens digit of 7097?
9
What is the hundreds digit of 23055?
0
What is the hundreds digit of 213?
2
What is the thousands digit of 1061?
1
What is the tens digit of 6418?
1
What is the thousands digit of 85832?
5
What is the tens digit of 829?
2
What is the thousands digit of 5840?
5
What is the hundreds digit of 513?
5
What is the units digit of 92?
2
What is the tens digit of 43802?
0
What is the thousands digit of 7509?
7
What is the hundreds digit of 32154?
1
What is the hundreds digit of 3257?
2
What is the hundreds digit of 4003?
0
What is the tens digit of 955?
5
What is the units digit of 15?
5
What is the hundreds digit of 32663?
6
What is the units digit of 3858?
8
What is the units digit of 26943?
3
What is the hundreds digit of 529?
5
What is the units digit of 1723?
3
What is the units digit of 583?
3
What is the tens digit of 224?
2
What is the tens digit of 53412?
1
What is the tens digit of 20761?
6
What is the units digit of 15560?
0
What is the thousands digit of 6541?
6
What is the ten thousands digit of 46874?
4
What is the units digit of 878?
8
What is the tens digit of 2034?
3
What is the ten thousands digit of 21445?
2
What is the tens digit of 21225?
2
What is the hundreds digit of 2138?
1
What is the units digit of 9667?
7
What is the ten thousands digit of 13001?
1
What is the tens digit of 93611?
1
What is the hundreds digit of 2886?
8
What is the ten thousands digit of 51758?
5
What is the tens digit of 12970?
7
What is the tens digit of 28186?
8
What is the thousands digit of 8544?
8
What is the tens digit of 164?
6
What is the thousands digit of 5296?
5
What is the tens digit of 29227?
2
What is the hundreds digit of 850?
8
What is the thousands digit of 2615?
2
What is the units digit of 543?
3
What is the tens digit of 832?
3
What is the tens digit of 4349?
4
What is the units digit of 1469?
9
What is the hundreds digit of 1551?
5
What is the tens digit of 1931?
3
What is the units digit of 486?
6
What is the units digit of 9576?
6
What is the hundreds digit of 994?
9
What is the tens digit of 52005?
0
What is the units digit of 258?
8
What is the units digit of 490?
0
What is the tens digit of 21835?
3
What is the hundreds digit of 605?
6
What is the ten thousands digit of 16520?
1
What is the hundreds digit of 1457?
4
What is the hundreds digit of 864?
8
What is the hundreds digit of 1654?
6
What is the ten thousands digit of 10566?
1
What is the tens digit of 412?
1
What is the hundreds digit of 2371?
3
What is the units digit of 48960?
0
What is the tens digit of 1959?
5
What is the tens digit of 367?
6
What is the hundreds digit of 29899?
8
What is the units digit of 38513?
3
What is the thousands digit of 12985?
2
What is the units digit of 44556?
6
What is the hundreds digit of 563?
5
What is the tens digit of 664?
6
What is the units digit of 4280?
0
What is the hundreds digit of 1575?
5
What is the hundreds digit of 854?
8
What is the units digit of 412?
2
What is the tens digit of 66224?
2
What is the hundreds digit of 4863?
8
What is the units digit of 1847?
7
What is the thousands digit of 1022?
1
What is the units digit of 87?
7
What is the tens digit of 1658?
5
What is the ten thousands digit of 32831?
3
What is the tens digit of 69561?
6
What is the tens digit of 881?
8
What is the hundreds digit of 10711?
7
What is the hundreds digit of 122760?
7
What is the hundreds digit of 112260?
2
What is the thousands digit of 1715?
1
What is the hundreds digit of 770?
7
What is the units digit of 6641?
1
What is the thousands digit of 14481?
4
What is the tens digit of 49390?
9
What is the hundreds digit of 2925?
9
What is the hundreds digit of 188?
1
What is the ten thousands digit of 11304?
1
What is the thousands digit of 3801?
3
What is the hundreds digit of 53498?
4
What is the thousands digit of 3540?
3
What is the thousands digit of 25988?
5
What is the tens digit of 4306?
0
What is the tens digit of 13485?
8
What is the units digit of 2197?
7
What is the thousands digit of 3944?
3
What is the hundreds digit of 2177?
1
What is the thousands digit of 6921?
6
What is the units digit of 47078?
8
What is the thousands digit of 6009?
6
What is the tens digit of 474?
7
What is the hundreds digit of 84163?
1
What is the tens digit of 141?
4
What is the thousands digit of 1688?
1
What is the thousands digit of 20696?
0
What is the units digit of 2920?
0
What is the tens digit of 27491?
9
What is the tens digit of 11323?
2
What is the hundreds digit of 1418?
4
What is the tens digit of 3097?
9
What is the ten thousands digit of 11085?
1
What is the hundreds digit of 1250?
2
What is the units digit of 26249?
9
What is the units digit of 3466?
6
What is the thousands digit of 3427?
3
What is the units digit of 1498?
8
What is the thousands digit of 7130?
7
What is the hundreds digit of 177?
1
What is the thousands digit of 2588?
2
What is the thousands digit of 65917?
5
What is the units digit of 26837?
7
What is the units digit of 5541?
1
What is the tens digit of 934?
3
What is the hundreds digit of 255?
2
What is the hundreds digit